{"id":2,"date":"2022-03-28T12:14:11","date_gmt":"2022-03-28T10:14:11","guid":{"rendered":"https:\/\/steuerberater.pro\/grundsteuer\/?page_id=2"},"modified":"2022-05-18T18:51:33","modified_gmt":"2022-05-18T16:51:33","slug":"beispiel-seite","status":"publish","type":"page","link":"https:\/\/steuerberater.pro\/grundsteuer\/","title":{"rendered":"Die Grundsteuerreform"},"content":{"rendered":"\n<p style=\"font-size:1.2em\">In Deutschland sind in diesem Jahr alle Grundbesitzer aufgerufen, Steuererkl\u00e4rungen \u00fcber ihren Grundbesitz abzugeben.<\/p>\n\n\n\n<div style=\"height:3vh\" aria-hidden=\"true\" class=\"wp-block-spacer\"><\/div>\n\n\n\n<div class=\"wp-block-columns is-layout-flex wp-container-core-columns-is-layout-9d6595d7 wp-block-columns-is-layout-flex\">\n<div class=\"wp-block-column is-layout-flow wp-block-column-is-layout-flow\" style=\"flex-basis:60%\">\n<p>Das Bundesverfassungsgericht hatte zuvor im Jahr 2018 die aktuelle Festsetzung der Grundsteuer f\u00fcr verfassungswidrig erkl\u00e4rt, weil nach seiner Auffassung vergleichbare Immobilien in vergleichbaren Lagen bisher unterschiedlich besteuert wurden.<\/p>\n\n\n\n<p>F\u00fcr jedes der deutschlandweit fast 36 Millionen Grundst\u00fccke ist nunmehr in dem <strong>Zeitraum vom 1. Juli 2022 bis zum 31. Oktober 2022<\/strong> eine gesonderte Steuererkl\u00e4rung zu erstellen und elektronisch abzugeben.<\/p>\n\n\n\n<p><strong>Wir unterst\u00fctzen gerne bei der Erstellung und elektronischen \u00dcbermittlung der geforderten Steuererkl\u00e4rungen sowie der anschlie\u00dfenden Pr\u00fcfung der ergehenden Steuerbescheide.<\/strong><\/p>\n<\/div>\n\n\n\n<div class=\"wp-block-column is-layout-flow wp-block-column-is-layout-flow\" style=\"flex-basis:40%\">\n<p>Wir bieten unseren Service in der Mehrheit aller F\u00e4lle zu einem pauschalen Preis von <strong>299,00 EUR<\/strong>* <small>(inkl. Umsatzsteuer)<\/small> an.<\/p>\n\n\n\n<p style=\"font-size:0.8em\">* Dieser pauschale Preis gilt <em><strong>nicht<\/strong><\/em> f\u00fcr betrieblich genutzte Grundst\u00fccke sowie <strong><em>nicht<\/em><\/strong> f\u00fcr Grundst\u00fccke, die nach derzeitigem Stand der Vorschriften einen erheblichen Mehraufwand verursachen werden (hierzu z\u00e4hlen z.B. Erbbaurechte, denkmalgesch\u00fctzte Geb\u00e4ude, Geb\u00e4ude auf fremden Grundst\u00fccken). In diesen F\u00e4llen rechnen wir unsere T\u00e4tigkeiten nach Gegenstandswert ab. Der Mindestpreis betr\u00e4gt in allen F\u00e4llen 299,00 EUR inkl. der gesetzlichen Umsatzsteuer.<\/p>\n<\/div>\n<\/div>\n\n\n\n<div style=\"height:5vh\" aria-hidden=\"true\" class=\"wp-block-spacer\"><\/div>\n\n\n\n<div class=\"wp-block-buttons is-horizontal is-content-justification-center is-layout-flex wp-container-core-buttons-is-layout-937ffba9 wp-block-buttons-is-layout-flex\">\n<div class=\"wp-block-button is-style-outline is-style-outline--1\"><a class=\"wp-block-button__link\" href=\"https:\/\/steuerberater.pro\/grundsteuer\/wp-content\/uploads\/Fragebogen_zur_Grunsteuer.pdf\" style=\"border-radius:0px\" target=\"_blank\" rel=\"noreferrer noopener\">Fragebogen Grundsteuerreform herunterladen<\/a><\/div>\n<\/div>\n\n\n\n<div style=\"height:8vh\" aria-hidden=\"true\" class=\"wp-block-spacer\"><\/div>\n\n\n\n<div class=\"wp-block-group p-5 has-very-light-gray-background-color has-background\"><div class=\"wp-block-group__inner-container is-layout-flow wp-block-group-is-layout-flow\">\n<h4 class=\"h6 wp-block-heading\">Uploadportal<\/h4>\n\n\n\n<div class=\"wp-block-contact-form-7-contact-form-selector\"><div role=\"form\" class=\"wpcf7\" id=\"wpcf7-f10-o1\" lang=\"de-DE\" dir=\"ltr\">\n<div class=\"screen-reader-response\"><p role=\"status\" aria-live=\"polite\" aria-atomic=\"true\"><\/p> <ul><\/ul><\/div>\n<form action=\"\/grundsteuer\/wp-json\/wp\/v2\/pages\/2#wpcf7-f10-o1\" method=\"post\" class=\"wpcf7-form init\" novalidate=\"novalidate\" data-status=\"init\">\n<div style=\"display: none;\">\n<input type=\"hidden\" name=\"_wpcf7\" value=\"10\" \/>\n<input type=\"hidden\" name=\"_wpcf7_version\" value=\"5.5.6\" \/>\n<input type=\"hidden\" name=\"_wpcf7_locale\" value=\"de_DE\" \/>\n<input type=\"hidden\" name=\"_wpcf7_unit_tag\" value=\"wpcf7-f10-o1\" \/>\n<input type=\"hidden\" name=\"_wpcf7_container_post\" value=\"0\" \/>\n<input type=\"hidden\" name=\"_wpcf7_posted_data_hash\" value=\"\" \/>\n<\/div>\n<div class=\"uacf7-form-10\">\n<div class=\"container\">\n<div class=\"row\">\n<div class=\"col-sm\">\n<p>Ausgef\u00fcllten Fragebogen und Nachweise (als PDF-Datei) einfach hier hochladen:<\/p>\n<p>      <span class=\"wpcf7-form-control-wrap uploads\"><input type=\"file\" size=\"40\" class=\"wpcf7-form-control wpcf7-drag-n-drop-file d-none\" aria-required=\"true\" aria-invalid=\"false\" multiple=\"multiple\" data-name=\"uploads\" data-type=\"pdf\" data-limit=\"10000000\" data-id=\"10\" data-version=\"free version 1.3.6.3\" accept=\".pdf\" \/><\/span>\n    <\/p><\/div>\n<\/div>\n<div class=\"row\">\n<div class=\"col-sm\">\n     <label for=\"input-vorname\" class=\"sr-only\">Vorname*<\/label><span class=\"wpcf7-form-control-wrap vorname\"><input type=\"text\" name=\"vorname\" value=\"\" size=\"40\" class=\"wpcf7-form-control wpcf7-text wpcf7-validates-as-required\" id=\"input-vorname\" aria-required=\"true\" aria-invalid=\"false\" placeholder=\"Vorname*\" \/><\/span>\n    <\/div>\n<div class=\"col-sm\">\n     <label for=\"input-nachname\" class=\"sr-only\">Nachname*<\/label><span class=\"wpcf7-form-control-wrap nachname\"><input type=\"text\" name=\"nachname\" value=\"\" size=\"40\" class=\"wpcf7-form-control wpcf7-text wpcf7-validates-as-required\" id=\"input-nachname\" aria-required=\"true\" aria-invalid=\"false\" placeholder=\"Nachname*\" \/><\/span>\n    <\/div>\n<div class=\"col-sm\">\n      <label for=\"input-mandantennummer\" class=\"sr-only\">Mandantennummer (optional)<\/label><span class=\"wpcf7-form-control-wrap mandantennummer\"><input type=\"text\" name=\"mandantennummer\" value=\"\" size=\"40\" class=\"wpcf7-form-control wpcf7-text\" id=\"input-mandantennummer\" aria-invalid=\"false\" placeholder=\"Mandantennummer (optional)\" \/><\/span>\n    <\/div>\n<\/div>\n<div class=\"row\">\n<div class=\"col-sm\">\n     <label for=\"input-emailadresse\" class=\"sr-only\">E-Mail-Adresse*<\/label><span class=\"wpcf7-form-control-wrap emailadresse\"><input type=\"email\" name=\"emailadresse\" value=\"\" size=\"40\" class=\"wpcf7-form-control wpcf7-text wpcf7-email wpcf7-validates-as-required wpcf7-validates-as-email\" id=\"input-emailadresse\" aria-required=\"true\" aria-invalid=\"false\" placeholder=\"E-Mail-Adresse*\" \/><\/span>\n    <\/div>\n<div class=\"col-sm\">\n     <label for=\"input-telefonnummer\" class=\"sr-only\">Telefonnummer (optional)<\/label><span class=\"wpcf7-form-control-wrap telefonnummer\"><input type=\"tel\" name=\"telefonnummer\" value=\"\" size=\"40\" class=\"wpcf7-form-control wpcf7-text wpcf7-tel wpcf7-validates-as-tel\" id=\"input-telefonnummer\" aria-invalid=\"false\" placeholder=\"Telefonnummer (optional)\" \/><\/span>\n    <\/div>\n<div class=\"col-sm\">\n      <label for=\"input-sicherheitsnummer\" class=\"sr-only\">Dieses Feld freilassen.<\/label><span id=\"wpcf7-69f4fab9299db-wrapper\" class=\"wpcf7-form-control-wrap sicherheitsnummer-wrap\" ><input type=\"hidden\" name=\"sicherheitsnummer-time-start\" value=\"1777662649\"><input type=\"hidden\" name=\"sicherheitsnummer-time-check\" value=\"8\"><input id=\"input-sicherheitsnummer\"  placeholder=\"Sicherheitsnummer\"  class=\"wpcf7-form-control wpcf7-text\" type=\"text\" name=\"sicherheitsnummer\" value=\"\" size=\"40\" tabindex=\"-1\" autocomplete=\"new-password\" \/><\/span>\n    <\/div>\n<\/div>\n<div class=\"row\">\n<div class=\"col-sm\">\n     <label for=\"input-nachricht\" class=\"sr-only\">Weitere Anmerkungen? In diesem Feld gibt es noch Platz f\u00fcr eine Kurznachricht.<\/label><span class=\"wpcf7-form-control-wrap nachricht\"><textarea name=\"nachricht\" cols=\"40\" rows=\"10\" class=\"wpcf7-form-control wpcf7-textarea\" id=\"input-nachricht\" aria-invalid=\"false\" placeholder=\"Weitere Anmerkungen? In diesem Feld gibt es noch Platz f\u00fcr eine Kurznachricht.\"><\/textarea><\/span>\n    <\/div>\n<\/div>\n<div class=\"row\">\n<div class=\"col-sm\">\n     <span class=\"wpcf7-form-control-wrap aab\"><span class=\"wpcf7-form-control wpcf7-acceptance\"><span class=\"wpcf7-list-item\"><label><input type=\"checkbox\" name=\"aab\" value=\"1\" aria-invalid=\"false\" id=\"input-aab\" \/><span class=\"wpcf7-list-item-label\">Ich habe die <a href=\"https:\/\/steuerberater.pro\/grundsteuer\/wp-content\/uploads\/AAB.pdf\" target=\"_blank\" title=\"allgemeinen Auftragsbedingungen im neuen Tab \u00f6ffnen\">allgemeinen Auftragsbedingungen<\/a> gelesen und akzeptiere sie.*<\/span><\/label><\/span><\/span><\/span><br \/>\n     <span class=\"wpcf7-form-control-wrap datenschutz\"><span class=\"wpcf7-form-control wpcf7-acceptance\"><span class=\"wpcf7-list-item\"><label><input type=\"checkbox\" name=\"datenschutz\" value=\"1\" aria-invalid=\"false\" id=\"input-datenschutz\" \/><span class=\"wpcf7-list-item-label\">Ich habe die <a href=\"https:\/\/steuerberater.pro\/grundsteuer\/datenschutzerklaerung\" target=\"_blank\" title=\"Datenschutzerkl\u00e4rung im neuen Tab \u00f6ffnen\">Datenschutzerkl\u00e4rung<\/a> gelesen und bin damit einverstanden.*<\/span><\/label><\/span><\/span><\/span>\n    <\/div>\n<\/div>\n<div class=\"row\">\n<div class=\"col-sm d-flex align-items-center\">\n      <input type=\"submit\" value=\"Absenden\" class=\"wpcf7-form-control has-spinner wpcf7-submit\" \/>\n    <\/div>\n<div class=\"col-sm-auto text-right\">\n      <i class=\"stb-footnote\">*Pflichtangaben<\/i>\n    <\/div>\n<\/div>\n<\/div>\n<\/div>\n<div class=\"wpcf7-response-output\" aria-hidden=\"true\"><\/div><\/form><\/div><\/div>\n<\/div><\/div>\n","protected":false},"excerpt":{"rendered":"<p>In Deutschland sind in diesem Jahr alle Grundbesitzer aufgerufen, Steuererkl\u00e4rungen \u00fcber ihren Grundbesitz abzugeben. Das Bundesverfassungsgericht hatte zuvor im Jahr 2018 die aktuelle Festsetzung der Grundsteuer f\u00fcr verfassungswidrig erkl\u00e4rt, weil nach seiner Auffassung vergleichbare Immobilien in vergleichbaren Lagen bisher unterschiedlich besteuert wurden. F\u00fcr jedes der deutschlandweit fast 36 Millionen Grundst\u00fccke ist nunmehr in dem Zeitraum [&hellip;]<\/p>\n","protected":false},"author":1,"featured_media":0,"parent":0,"menu_order":0,"comment_status":"closed","ping_status":"open","template":"","meta":{"footnotes":""},"class_list":["post-2","page","type-page","status-publish","hentry"],"_links":{"self":[{"href":"https:\/\/steuerberater.pro\/grundsteuer\/wp-json\/wp\/v2\/pages\/2","targetHints":{"allow":["GET"]}}],"collection":[{"href":"https:\/\/steuerberater.pro\/grundsteuer\/wp-json\/wp\/v2\/pages"}],"about":[{"href":"https:\/\/steuerberater.pro\/grundsteuer\/wp-json\/wp\/v2\/types\/page"}],"author":[{"embeddable":true,"href":"https:\/\/steuerberater.pro\/grundsteuer\/wp-json\/wp\/v2\/users\/1"}],"replies":[{"embeddable":true,"href":"https:\/\/steuerberater.pro\/grundsteuer\/wp-json\/wp\/v2\/comments?post=2"}],"version-history":[{"count":25,"href":"https:\/\/steuerberater.pro\/grundsteuer\/wp-json\/wp\/v2\/pages\/2\/revisions"}],"predecessor-version":[{"id":89,"href":"https:\/\/steuerberater.pro\/grundsteuer\/wp-json\/wp\/v2\/pages\/2\/revisions\/89"}],"wp:attachment":[{"href":"https:\/\/steuerberater.pro\/grundsteuer\/wp-json\/wp\/v2\/media?parent=2"}],"curies":[{"name":"wp","href":"https:\/\/api.w.org\/{rel}","templated":true}]}}

<p style="font-size:1.2em">In Deutschland sind in diesem Jahr alle Grundbesitzer aufgerufen, Steuererklärungen über ihren Grundbesitz abzugeben.</p>



<div style="height:3vh" aria-hidden="true" class="wp-block-spacer"></div>



<div class="wp-block-columns is-layout-flex wp-container-core-columns-is-layout-9d6595d7 wp-block-columns-is-layout-flex">
<div class="wp-block-column is-layout-flow wp-block-column-is-layout-flow" style="flex-basis:60%">
<p>Das Bundesverfassungsgericht hatte zuvor im Jahr 2018 die aktuelle Festsetzung der Grundsteuer für verfassungswidrig erklärt, weil nach seiner Auffassung vergleichbare Immobilien in vergleichbaren Lagen bisher unterschiedlich besteuert wurden.</p>



<p>Für jedes der deutschlandweit fast 36 Millionen Grundstücke ist nunmehr in dem <strong>Zeitraum vom 1. Juli 2022 bis zum 31. Oktober 2022</strong> eine gesonderte Steuererklärung zu erstellen und elektronisch abzugeben.</p>



<p><strong>Wir unterstützen gerne bei der Erstellung und elektronischen Übermittlung der geforderten Steuererklärungen sowie der anschließenden Prüfung der ergehenden Steuerbescheide.</strong></p>
</div>



<div class="wp-block-column is-layout-flow wp-block-column-is-layout-flow" style="flex-basis:40%">
<p>Wir bieten unseren Service in der Mehrheit aller Fälle zu einem pauschalen Preis von <strong>299,00 EUR</strong>* <small>(inkl. Umsatzsteuer)</small> an.</p>



<p style="font-size:0.8em">* Dieser pauschale Preis gilt <em><strong>nicht</strong></em> für betrieblich genutzte Grundstücke sowie <strong><em>nicht</em></strong> für Grundstücke, die nach derzeitigem Stand der Vorschriften einen erheblichen Mehraufwand verursachen werden (hierzu zählen z.B. Erbbaurechte, denkmalgeschützte Gebäude, Gebäude auf fremden Grundstücken). In diesen Fällen rechnen wir unsere Tätigkeiten nach Gegenstandswert ab. Der Mindestpreis beträgt in allen Fällen 299,00 EUR inkl. der gesetzlichen Umsatzsteuer.</p>
</div>
</div>



<div style="height:5vh" aria-hidden="true" class="wp-block-spacer"></div>



<div class="wp-block-buttons is-horizontal is-content-justification-center is-layout-flex wp-container-core-buttons-is-layout-937ffba9 wp-block-buttons-is-layout-flex">
<div class="wp-block-button is-style-outline is-style-outline--1"><a class="wp-block-button__link" href="https://steuerberater.pro/grundsteuer/wp-content/uploads/Fragebogen_zur_Grunsteuer.pdf" style="border-radius:0px" target="_blank" rel="noreferrer noopener">Fragebogen Grundsteuerreform herunterladen</a></div>
</div>



<div style="height:8vh" aria-hidden="true" class="wp-block-spacer"></div>



<div class="wp-block-group p-5 has-very-light-gray-background-color has-background"><div class="wp-block-group__inner-container is-layout-flow wp-block-group-is-layout-flow">
<h4 class="h6 wp-block-heading">Uploadportal</h4>



<div class="wp-block-contact-form-7-contact-form-selector"><div role="form" class="wpcf7" id="wpcf7-f10-o1" lang="de-DE" dir="ltr">
<div class="screen-reader-response"><p role="status" aria-live="polite" aria-atomic="true"></p> <ul></ul></div>
<form action="/grundsteuer/wp-json/wp/v2/pages/2#wpcf7-f10-o1" method="post" class="wpcf7-form init" novalidate="novalidate" data-status="init">
<div style="display: none;">
<input type="hidden" name="_wpcf7" value="10" />
<input type="hidden" name="_wpcf7_version" value="5.5.6" />
<input type="hidden" name="_wpcf7_locale" value="de_DE" />
<input type="hidden" name="_wpcf7_unit_tag" value="wpcf7-f10-o1" />
<input type="hidden" name="_wpcf7_container_post" value="0" />
<input type="hidden" name="_wpcf7_posted_data_hash" value="" />
</div>
<div class="uacf7-form-10">
<div class="container">
<div class="row">
<div class="col-sm">
<p>Ausgefüllten Fragebogen und Nachweise (als PDF-Datei) einfach hier hochladen:</p>
<p>      <span class="wpcf7-form-control-wrap uploads"><input type="file" size="40" class="wpcf7-form-control wpcf7-drag-n-drop-file d-none" aria-required="true" aria-invalid="false" multiple="multiple" data-name="uploads" data-type="pdf" data-limit="10000000" data-id="10" data-version="free version 1.3.6.3" accept=".pdf" /></span>
    </p></div>
</div>
<div class="row">
<div class="col-sm">
     <label for="input-vorname" class="sr-only">Vorname*</label><span class="wpcf7-form-control-wrap vorname"><input type="text" name="vorname" value="" size="40" class="wpcf7-form-control wpcf7-text wpcf7-validates-as-required" id="input-vorname" aria-required="true" aria-invalid="false" placeholder="Vorname*" /></span>
    </div>
<div class="col-sm">
     <label for="input-nachname" class="sr-only">Nachname*</label><span class="wpcf7-form-control-wrap nachname"><input type="text" name="nachname" value="" size="40" class="wpcf7-form-control wpcf7-text wpcf7-validates-as-required" id="input-nachname" aria-required="true" aria-invalid="false" placeholder="Nachname*" /></span>
    </div>
<div class="col-sm">
      <label for="input-mandantennummer" class="sr-only">Mandantennummer (optional)</label><span class="wpcf7-form-control-wrap mandantennummer"><input type="text" name="mandantennummer" value="" size="40" class="wpcf7-form-control wpcf7-text" id="input-mandantennummer" aria-invalid="false" placeholder="Mandantennummer (optional)" /></span>
    </div>
</div>
<div class="row">
<div class="col-sm">
     <label for="input-emailadresse" class="sr-only">E-Mail-Adresse*</label><span class="wpcf7-form-control-wrap emailadresse"><input type="email" name="emailadresse" value="" size="40" class="wpcf7-form-control wpcf7-text wpcf7-email wpcf7-validates-as-required wpcf7-validates-as-email" id="input-emailadresse" aria-required="true" aria-invalid="false" placeholder="E-Mail-Adresse*" /></span>
    </div>
<div class="col-sm">
     <label for="input-telefonnummer" class="sr-only">Telefonnummer (optional)</label><span class="wpcf7-form-control-wrap telefonnummer"><input type="tel" name="telefonnummer" value="" size="40" class="wpcf7-form-control wpcf7-text wpcf7-tel wpcf7-validates-as-tel" id="input-telefonnummer" aria-invalid="false" placeholder="Telefonnummer (optional)" /></span>
    </div>
<div class="col-sm">
      <label for="input-sicherheitsnummer" class="sr-only">Dieses Feld freilassen.</label><span id="wpcf7-69f4fab9299db-wrapper" class="wpcf7-form-control-wrap sicherheitsnummer-wrap" ><input type="hidden" name="sicherheitsnummer-time-start" value="1777662649"><input type="hidden" name="sicherheitsnummer-time-check" value="8"><input id="input-sicherheitsnummer"  placeholder="Sicherheitsnummer"  class="wpcf7-form-control wpcf7-text" type="text" name="sicherheitsnummer" value="" size="40" tabindex="-1" autocomplete="new-password" /></span>
    </div>
</div>
<div class="row">
<div class="col-sm">
     <label for="input-nachricht" class="sr-only">Weitere Anmerkungen? In diesem Feld gibt es noch Platz für eine Kurznachricht.</label><span class="wpcf7-form-control-wrap nachricht"><textarea name="nachricht" cols="40" rows="10" class="wpcf7-form-control wpcf7-textarea" id="input-nachricht" aria-invalid="false" placeholder="Weitere Anmerkungen? In diesem Feld gibt es noch Platz für eine Kurznachricht."></textarea></span>
    </div>
</div>
<div class="row">
<div class="col-sm">
     <span class="wpcf7-form-control-wrap aab"><span class="wpcf7-form-control wpcf7-acceptance"><span class="wpcf7-list-item"><label><input type="checkbox" name="aab" value="1" aria-invalid="false" id="input-aab" /><span class="wpcf7-list-item-label">Ich habe die <a href="https://steuerberater.pro/grundsteuer/wp-content/uploads/AAB.pdf" target="_blank" title="allgemeinen Auftragsbedingungen im neuen Tab öffnen">allgemeinen Auftragsbedingungen</a> gelesen und akzeptiere sie.*</span></label></span></span></span><br />
     <span class="wpcf7-form-control-wrap datenschutz"><span class="wpcf7-form-control wpcf7-acceptance"><span class="wpcf7-list-item"><label><input type="checkbox" name="datenschutz" value="1" aria-invalid="false" id="input-datenschutz" /><span class="wpcf7-list-item-label">Ich habe die <a href="https://steuerberater.pro/grundsteuer/datenschutzerklaerung" target="_blank" title="Datenschutzerklärung im neuen Tab öffnen">Datenschutzerklärung</a> gelesen und bin damit einverstanden.*</span></label></span></span></span>
    </div>
</div>
<div class="row">
<div class="col-sm d-flex align-items-center">
      <input type="submit" value="Absenden" class="wpcf7-form-control has-spinner wpcf7-submit" />
    </div>
<div class="col-sm-auto text-right">
      <i class="stb-footnote">*Pflichtangaben</i>
    </div>
</div>
</div>
</div>
<div class="wpcf7-response-output" aria-hidden="true"></div></form></div></div>
</div></div>

<p>In Deutschland sind in diesem Jahr alle Grundbesitzer aufgerufen, Steuererklärungen über ihren Grundbesitz abzugeben. Das Bundesverfassungsgericht hatte zuvor im Jahr 2018 die aktuelle Festsetzung der Grundsteuer für verfassungswidrig erklärt, weil nach seiner Auffassung vergleichbare Immobilien in vergleichbaren Lagen bisher unterschiedlich besteuert wurden. Für jedes der deutschlandweit fast 36 Millionen Grundstücke ist nunmehr in dem Zeitraum [&hellip;]</p>
